{"id":20174,"date":"2026-04-28T12:09:20","date_gmt":"2026-04-28T10:09:20","guid":{"rendered":"http:\/\/bdgerance.ch\/immobilien\/1740352de-vitrine-a-louer-a-la-chaux-de-fonds\/"},"modified":"2026-04-29T18:45:02","modified_gmt":"2026-04-29T16:45:02","slug":"1740352de-vitrine-a-louer-a-la-chaux-de-fonds","status":"publish","type":"casawp_property","link":"http:\/\/bdgerance.ch\/de\/immobilien\/1740352de-vitrine-a-louer-a-la-chaux-de-fonds\/","title":{"rendered":"Vitrine \u00e0 louer \u00e0 La Chaux-de-Fonds"},"content":{"rendered":"<p><p>Offrez de la visibilit\u00e9 \u00e0 votre activit\u00e9 gr\u00e2ce \u00e0 nos vitrines id\u00e9alement situ\u00e9es, disponibles \u00e0 la location pour seulement <strong><\/strong>CHF 40.-\/mois.<\/p>\n<p><\/p>\n<p><b><\/b>Ses atouts :<\/p>\n<ul>\n<li>Emplacement attractif avec passage r\u00e9gulier<\/li>\n<li>Excellente visibilit\u00e9 depuis l&#8217;ext\u00e9rieur<\/li>\n<li>Id\u00e9al pour commerces, artisans, cr\u00e9ateurs ou publicit\u00e9 locale<\/li>\n<li>Tarif accessible : <strong><\/strong>CHF 40.-\/mois<strong><\/strong><\/li>\n<\/ul>\n<p>Etes-vous int\u00e9ress\u00e9 ? N&#8217;h\u00e9sitez pas \u00e0 nous contacter !<\/p>\n","protected":false},"excerpt":{"rendered":"<p>Offrez de la visibilit\u00e9 \u00e0 votre activit\u00e9 gr\u00e2ce \u00e0 nos vitrines id\u00e9alement situ\u00e9es, disponibles \u00e0 la location pour seulement CHF 40.-\/mois.Ses atouts \u2026<\/p>\n","protected":false},"author":0,"featured_media":20175,"parent":0,"menu_order":84,"comment_status":"closed","ping_status":"closed","template":"","meta":{"_acf_changed":false,"inline_featured_image":false,"footnotes":""},"casawp_category":[435],"casawp_feature":[],"casawp_utility":[241],"casawp_location":[136,245,244],"casawp_salestype":[231],"casawp_availability":[135],"casawp_region":[],"class_list":["post-20174","casawp_property","type-casawp_property","status-publish","has-post-thumbnail","hentry","casawp_category-display-window","casawp_utility-commercial","casawp_location-country_ch","casawp_location-locality_la-chaux-de-fonds","casawp_location-region_ne","casawp_salestype-rent","casawp_availability-active"],"acf":[],"yoast_head":"<!-- This site is optimized with the Yoast SEO plugin v26.6 - https:\/\/yoast.com\/wordpress\/plugins\/seo\/ -->\n<title>Vitrine \u00e0 louer \u00e0 La Chaux-de-Fonds - BD G\u00e9rance SA Fribourg<\/title>\n<meta name=\"robots\" content=\"index, follow, max-snippet:-1, max-image-preview:large, max-video-preview:-1\" \/>\n<link rel=\"canonical\" href=\"http:\/\/bdgerance.ch\/immobilien\/1740352fr-vitrine-a-louer-a-la-chaux-de-fonds\/\" \/>\n<meta property=\"og:locale\" content=\"de_DE\" \/>\n<meta property=\"og:type\" content=\"article\" \/>\n<meta property=\"og:title\" content=\"Vitrine \u00e0 louer \u00e0 La Chaux-de-Fonds - BD G\u00e9rance SA Fribourg\" \/>\n<meta property=\"og:description\" content=\"Offrez de la visibilit\u00e9 \u00e0 votre activit\u00e9 gr\u00e2ce \u00e0 nos vitrines id\u00e9alement situ\u00e9es, disponibles \u00e0 la location pour seulement CHF 40.-\/mois.Ses atouts \u2026\" \/>\n<meta property=\"og:url\" content=\"http:\/\/bdgerance.ch\/immobilien\/1740352fr-vitrine-a-louer-a-la-chaux-de-fonds\/\" \/>\n<meta property=\"og:site_name\" content=\"BD G\u00e9rance SA Fribourg\" \/>\n<meta property=\"article:modified_time\" content=\"2026-04-29T16:45:02+00:00\" \/>\n<meta name=\"twitter:card\" content=\"summary_large_image\" \/>\n<script type=\"application\/ld+json\" class=\"yoast-schema-graph\">{\"@context\":\"https:\/\/schema.org\",\"@graph\":[{\"@type\":\"WebPage\",\"@id\":\"http:\/\/bdgerance.ch\/immobilien\/1740352fr-vitrine-a-louer-a-la-chaux-de-fonds\/\",\"url\":\"http:\/\/bdgerance.ch\/immobilien\/1740352fr-vitrine-a-louer-a-la-chaux-de-fonds\/\",\"name\":\"Vitrine \u00e0 louer \u00e0 La Chaux-de-Fonds - BD G\u00e9rance SA Fribourg\",\"isPartOf\":{\"@id\":\"http:\/\/bdgerance.ch\/#website\"},\"primaryImageOfPage\":{\"@id\":\"http:\/\/bdgerance.ch\/immobilien\/1740352fr-vitrine-a-louer-a-la-chaux-de-fonds\/#primaryimage\"},\"image\":{\"@id\":\"http:\/\/bdgerance.ch\/immobilien\/1740352fr-vitrine-a-louer-a-la-chaux-de-fonds\/#primaryimage\"},\"thumbnailUrl\":\"https:\/\/cdn.casasoft.com\/media\/provider-13942\/property-1740352\/ff0000000035471805.jpg?p=xl\",\"datePublished\":\"2026-04-28T10:09:20+00:00\",\"dateModified\":\"2026-04-29T16:45:02+00:00\",\"breadcrumb\":{\"@id\":\"http:\/\/bdgerance.ch\/immobilien\/1740352fr-vitrine-a-louer-a-la-chaux-de-fonds\/#breadcrumb\"},\"inLanguage\":\"de\",\"potentialAction\":[{\"@type\":\"ReadAction\",\"target\":[\"http:\/\/bdgerance.ch\/immobilien\/1740352fr-vitrine-a-louer-a-la-chaux-de-fonds\/\"]}]},{\"@type\":\"ImageObject\",\"inLanguage\":\"de\",\"@id\":\"http:\/\/bdgerance.ch\/immobilien\/1740352fr-vitrine-a-louer-a-la-chaux-de-fonds\/#primaryimage\",\"url\":\"https:\/\/cdn.casasoft.com\/media\/provider-13942\/property-1740352\/ff0000000035471805.jpg?p=xl\",\"contentUrl\":\"https:\/\/cdn.casasoft.com\/media\/provider-13942\/property-1740352\/ff0000000035471805.jpg?p=xl\",\"caption\":\"IMG_4290.jpeg\"},{\"@type\":\"BreadcrumbList\",\"@id\":\"http:\/\/bdgerance.ch\/immobilien\/1740352fr-vitrine-a-louer-a-la-chaux-de-fonds\/#breadcrumb\",\"itemListElement\":[{\"@type\":\"ListItem\",\"position\":1,\"name\":\"Startseite\",\"item\":\"http:\/\/bdgerance.ch\/de\/\"},{\"@type\":\"ListItem\",\"position\":2,\"name\":\"Propri\u00e9t\u00e9s\",\"item\":\"https:\/\/bdgerance.ch\/immobilien\/\"},{\"@type\":\"ListItem\",\"position\":3,\"name\":\"Vitrine \u00e0 louer \u00e0 La Chaux-de-Fonds\"}]},{\"@type\":\"WebSite\",\"@id\":\"http:\/\/bdgerance.ch\/#website\",\"url\":\"http:\/\/bdgerance.ch\/\",\"name\":\"BD G\u00e9rance SA Fribourg\",\"description\":\"\",\"publisher\":{\"@id\":\"http:\/\/bdgerance.ch\/#organization\"},\"potentialAction\":[{\"@type\":\"SearchAction\",\"target\":{\"@type\":\"EntryPoint\",\"urlTemplate\":\"http:\/\/bdgerance.ch\/?s={search_term_string}\"},\"query-input\":{\"@type\":\"PropertyValueSpecification\",\"valueRequired\":true,\"valueName\":\"search_term_string\"}}],\"inLanguage\":\"de\"},{\"@type\":\"Organization\",\"@id\":\"http:\/\/bdgerance.ch\/#organization\",\"name\":\"BD G\u00e9rance SA Fribourg\",\"url\":\"http:\/\/bdgerance.ch\/\",\"logo\":{\"@type\":\"ImageObject\",\"inLanguage\":\"de\",\"@id\":\"http:\/\/bdgerance.ch\/#\/schema\/logo\/image\/\",\"url\":\"https:\/\/bdgerance.ch\/wp-content\/uploads\/sites\/364\/2025\/06\/BD-logo-large.png\",\"contentUrl\":\"https:\/\/bdgerance.ch\/wp-content\/uploads\/sites\/364\/2025\/06\/BD-logo-large.png\",\"width\":612,\"height\":136,\"caption\":\"BD G\u00e9rance SA Fribourg\"},\"image\":{\"@id\":\"http:\/\/bdgerance.ch\/#\/schema\/logo\/image\/\"}}]}<\/script>\n<!-- \/ Yoast SEO plugin. -->","yoast_head_json":{"title":"Vitrine \u00e0 louer \u00e0 La Chaux-de-Fonds - BD G\u00e9rance SA Fribourg","robots":{"index":"index","follow":"follow","max-snippet":"max-snippet:-1","max-image-preview":"max-image-preview:large","max-video-preview":"max-video-preview:-1"},"canonical":"http:\/\/bdgerance.ch\/immobilien\/1740352fr-vitrine-a-louer-a-la-chaux-de-fonds\/","og_locale":"de_DE","og_type":"article","og_title":"Vitrine \u00e0 louer \u00e0 La Chaux-de-Fonds - BD G\u00e9rance SA Fribourg","og_description":"Offrez de la visibilit\u00e9 \u00e0 votre activit\u00e9 gr\u00e2ce \u00e0 nos vitrines id\u00e9alement situ\u00e9es, disponibles \u00e0 la location pour seulement CHF 40.-\/mois.Ses atouts \u2026","og_url":"http:\/\/bdgerance.ch\/immobilien\/1740352fr-vitrine-a-louer-a-la-chaux-de-fonds\/","og_site_name":"BD G\u00e9rance SA Fribourg","article_modified_time":"2026-04-29T16:45:02+00:00","twitter_card":"summary_large_image","schema":{"@context":"https:\/\/schema.org","@graph":[{"@type":"WebPage","@id":"http:\/\/bdgerance.ch\/immobilien\/1740352fr-vitrine-a-louer-a-la-chaux-de-fonds\/","url":"http:\/\/bdgerance.ch\/immobilien\/1740352fr-vitrine-a-louer-a-la-chaux-de-fonds\/","name":"Vitrine \u00e0 louer \u00e0 La Chaux-de-Fonds - BD G\u00e9rance SA Fribourg","isPartOf":{"@id":"http:\/\/bdgerance.ch\/#website"},"primaryImageOfPage":{"@id":"http:\/\/bdgerance.ch\/immobilien\/1740352fr-vitrine-a-louer-a-la-chaux-de-fonds\/#primaryimage"},"image":{"@id":"http:\/\/bdgerance.ch\/immobilien\/1740352fr-vitrine-a-louer-a-la-chaux-de-fonds\/#primaryimage"},"thumbnailUrl":"https:\/\/cdn.casasoft.com\/media\/provider-13942\/property-1740352\/ff0000000035471805.jpg?p=xl","datePublished":"2026-04-28T10:09:20+00:00","dateModified":"2026-04-29T16:45:02+00:00","breadcrumb":{"@id":"http:\/\/bdgerance.ch\/immobilien\/1740352fr-vitrine-a-louer-a-la-chaux-de-fonds\/#breadcrumb"},"inLanguage":"de","potentialAction":[{"@type":"ReadAction","target":["http:\/\/bdgerance.ch\/immobilien\/1740352fr-vitrine-a-louer-a-la-chaux-de-fonds\/"]}]},{"@type":"ImageObject","inLanguage":"de","@id":"http:\/\/bdgerance.ch\/immobilien\/1740352fr-vitrine-a-louer-a-la-chaux-de-fonds\/#primaryimage","url":"https:\/\/cdn.casasoft.com\/media\/provider-13942\/property-1740352\/ff0000000035471805.jpg?p=xl","contentUrl":"https:\/\/cdn.casasoft.com\/media\/provider-13942\/property-1740352\/ff0000000035471805.jpg?p=xl","caption":"IMG_4290.jpeg"},{"@type":"BreadcrumbList","@id":"http:\/\/bdgerance.ch\/immobilien\/1740352fr-vitrine-a-louer-a-la-chaux-de-fonds\/#breadcrumb","itemListElement":[{"@type":"ListItem","position":1,"name":"Startseite","item":"http:\/\/bdgerance.ch\/de\/"},{"@type":"ListItem","position":2,"name":"Propri\u00e9t\u00e9s","item":"https:\/\/bdgerance.ch\/immobilien\/"},{"@type":"ListItem","position":3,"name":"Vitrine \u00e0 louer \u00e0 La Chaux-de-Fonds"}]},{"@type":"WebSite","@id":"http:\/\/bdgerance.ch\/#website","url":"http:\/\/bdgerance.ch\/","name":"BD G\u00e9rance SA Fribourg","description":"","publisher":{"@id":"http:\/\/bdgerance.ch\/#organization"},"potentialAction":[{"@type":"SearchAction","target":{"@type":"EntryPoint","urlTemplate":"http:\/\/bdgerance.ch\/?s={search_term_string}"},"query-input":{"@type":"PropertyValueSpecification","valueRequired":true,"valueName":"search_term_string"}}],"inLanguage":"de"},{"@type":"Organization","@id":"http:\/\/bdgerance.ch\/#organization","name":"BD G\u00e9rance SA Fribourg","url":"http:\/\/bdgerance.ch\/","logo":{"@type":"ImageObject","inLanguage":"de","@id":"http:\/\/bdgerance.ch\/#\/schema\/logo\/image\/","url":"https:\/\/bdgerance.ch\/wp-content\/uploads\/sites\/364\/2025\/06\/BD-logo-large.png","contentUrl":"https:\/\/bdgerance.ch\/wp-content\/uploads\/sites\/364\/2025\/06\/BD-logo-large.png","width":612,"height":136,"caption":"BD G\u00e9rance SA Fribourg"},"image":{"@id":"http:\/\/bdgerance.ch\/#\/schema\/logo\/image\/"}}]}},"_links":{"self":[{"href":"http:\/\/bdgerance.ch\/de\/wp-json\/wp\/v2\/casawp_property\/20174","targetHints":{"allow":["GET"]}}],"collection":[{"href":"http:\/\/bdgerance.ch\/de\/wp-json\/wp\/v2\/casawp_property"}],"about":[{"href":"http:\/\/bdgerance.ch\/de\/wp-json\/wp\/v2\/types\/casawp_property"}],"replies":[{"embeddable":true,"href":"http:\/\/bdgerance.ch\/de\/wp-json\/wp\/v2\/comments?post=20174"}],"version-history":[{"count":0,"href":"http:\/\/bdgerance.ch\/de\/wp-json\/wp\/v2\/casawp_property\/20174\/revisions"}],"wp:featuredmedia":[{"embeddable":true,"href":"http:\/\/bdgerance.ch\/de\/wp-json\/wp\/v2\/media\/20175"}],"wp:attachment":[{"href":"http:\/\/bdgerance.ch\/de\/wp-json\/wp\/v2\/media?parent=20174"}],"wp:term":[{"taxonomy":"casawp_category","embeddable":true,"href":"http:\/\/bdgerance.ch\/de\/wp-json\/wp\/v2\/casawp_category?post=20174"},{"taxonomy":"casawp_feature","embeddable":true,"href":"http:\/\/bdgerance.ch\/de\/wp-json\/wp\/v2\/casawp_feature?post=20174"},{"taxonomy":"casawp_utility","embeddable":true,"href":"http:\/\/bdgerance.ch\/de\/wp-json\/wp\/v2\/casawp_utility?post=20174"},{"taxonomy":"casawp_location","embeddable":true,"href":"http:\/\/bdgerance.ch\/de\/wp-json\/wp\/v2\/casawp_location?post=20174"},{"taxonomy":"casawp_salestype","embeddable":true,"href":"http:\/\/bdgerance.ch\/de\/wp-json\/wp\/v2\/casawp_salestype?post=20174"},{"taxonomy":"casawp_availability","embeddable":true,"href":"http:\/\/bdgerance.ch\/de\/wp-json\/wp\/v2\/casawp_availability?post=20174"},{"taxonomy":"casawp_region","embeddable":true,"href":"http:\/\/bdgerance.ch\/de\/wp-json\/wp\/v2\/casawp_region?post=20174"}],"curies":[{"name":"wp","href":"https:\/\/api.w.org\/{rel}","templated":true}]}}

Vitrine à louer à La Chaux-de-Fonds

<p><p>Offrez de la visibilité à votre activité grâce à nos vitrines idéalement situées, disponibles à la location pour seulement <strong></strong>CHF 40.-/mois.</p>
<p></p>
<p><b></b>Ses atouts :</p>
<ul>
<li>Emplacement attractif avec passage régulier</li>
<li>Excellente visibilité depuis l&#8217;extérieur</li>
<li>Idéal pour commerces, artisans, créateurs ou publicité locale</li>
<li>Tarif accessible : <strong></strong>CHF 40.-/mois<strong></strong></li>
</ul>
<p>Etes-vous intéressé ? N&#8217;hésitez pas à nous contacter !</p>

<p>Offrez de la visibilité à votre activité grâce à nos vitrines idéalement situées, disponibles à la location pour seulement CHF 40.-/mois.Ses atouts …</p>

<!-- This site is optimized with the Yoast SEO plugin v26.6 - https://yoast.com/wordpress/plugins/seo/ -->
<title>Vitrine à louer à La Chaux-de-Fonds - BD Gérance SA Fribourg</title>
<meta name="robots" content="index, follow, max-snippet:-1, max-image-preview:large, max-video-preview:-1" />
<link rel="canonical" href="http://bdgerance.ch/immobilien/1740352fr-vitrine-a-louer-a-la-chaux-de-fonds/" />
<meta property="og:locale" content="de_DE" />
<meta property="og:type" content="article" />
<meta property="og:title" content="Vitrine à louer à La Chaux-de-Fonds - BD Gérance SA Fribourg" />
<meta property="og:description" content="Offrez de la visibilité à votre activité grâce à nos vitrines idéalement situées, disponibles à la location pour seulement CHF 40.-/mois.Ses atouts …" />
<meta property="og:url" content="http://bdgerance.ch/immobilien/1740352fr-vitrine-a-louer-a-la-chaux-de-fonds/" />
<meta property="og:site_name" content="BD Gérance SA Fribourg" />
<meta property="article:modified_time" content="2026-04-29T16:45:02+00:00" />
<meta name="twitter:card" content="summary_large_image" />
<script type="application/ld+json" class="yoast-schema-graph">{"@context":"https://schema.org","@graph":[{"@type":"WebPage","@id":"http://bdgerance.ch/immobilien/1740352fr-vitrine-a-louer-a-la-chaux-de-fonds/","url":"http://bdgerance.ch/immobilien/1740352fr-vitrine-a-louer-a-la-chaux-de-fonds/","name":"Vitrine à louer à La Chaux-de-Fonds - BD Gérance SA Fribourg","isPartOf":{"@id":"http://bdgerance.ch/#website"},"primaryImageOfPage":{"@id":"http://bdgerance.ch/immobilien/1740352fr-vitrine-a-louer-a-la-chaux-de-fonds/#primaryimage"},"image":{"@id":"http://bdgerance.ch/immobilien/1740352fr-vitrine-a-louer-a-la-chaux-de-fonds/#primaryimage"},"thumbnailUrl":"https://cdn.casasoft.com/media/provider-13942/property-1740352/ff0000000035471805.jpg?p=xl","datePublished":"2026-04-28T10:09:20+00:00","dateModified":"2026-04-29T16:45:02+00:00","breadcrumb":{"@id":"http://bdgerance.ch/immobilien/1740352fr-vitrine-a-louer-a-la-chaux-de-fonds/#breadcrumb"},"inLanguage":"de","potentialAction":[{"@type":"ReadAction","target":["http://bdgerance.ch/immobilien/1740352fr-vitrine-a-louer-a-la-chaux-de-fonds/"]}]},{"@type":"ImageObject","inLanguage":"de","@id":"http://bdgerance.ch/immobilien/1740352fr-vitrine-a-louer-a-la-chaux-de-fonds/#primaryimage","url":"https://cdn.casasoft.com/media/provider-13942/property-1740352/ff0000000035471805.jpg?p=xl","contentUrl":"https://cdn.casasoft.com/media/provider-13942/property-1740352/ff0000000035471805.jpg?p=xl","caption":"IMG_4290.jpeg"},{"@type":"BreadcrumbList","@id":"http://bdgerance.ch/immobilien/1740352fr-vitrine-a-louer-a-la-chaux-de-fonds/#breadcrumb","itemListElement":[{"@type":"ListItem","position":1,"name":"Startseite","item":"http://bdgerance.ch/de/"},{"@type":"ListItem","position":2,"name":"Propriétés","item":"https://bdgerance.ch/immobilien/"},{"@type":"ListItem","position":3,"name":"Vitrine à louer à La Chaux-de-Fonds"}]},{"@type":"WebSite","@id":"http://bdgerance.ch/#website","url":"http://bdgerance.ch/","name":"BD Gérance SA Fribourg","description":"","publisher":{"@id":"http://bdgerance.ch/#organization"},"potentialAction":[{"@type":"SearchAction","target":{"@type":"EntryPoint","urlTemplate":"http://bdgerance.ch/?s={search_term_string}"},"query-input":{"@type":"PropertyValueSpecification","valueRequired":true,"valueName":"search_term_string"}}],"inLanguage":"de"},{"@type":"Organization","@id":"http://bdgerance.ch/#organization","name":"BD Gérance SA Fribourg","url":"http://bdgerance.ch/","logo":{"@type":"ImageObject","inLanguage":"de","@id":"http://bdgerance.ch/#/schema/logo/image/","url":"https://bdgerance.ch/wp-content/uploads/sites/364/2025/06/BD-logo-large.png","contentUrl":"https://bdgerance.ch/wp-content/uploads/sites/364/2025/06/BD-logo-large.png","width":612,"height":136,"caption":"BD Gérance SA Fribourg"},"image":{"@id":"http://bdgerance.ch/#/schema/logo/image/"}}]}</script>
<!-- / Yoast SEO plugin. -->

Vitrine à louer à La Chaux-de-Fonds - BD Gérance SA Fribourg

Offrez de la visibilité à votre activité grâce à nos vitrines idéalement situées, disponibles à la location pour seulement CHF 40.-/mois.Ses atouts …

BD Gérance SA Fribourg

Propriétés
